{"id":186,"date":"2024-03-04T22:55:11","date_gmt":"2024-03-04T22:55:11","guid":{"rendered":"https:\/\/nuhii-gmbh.ch\/?page_id=186"},"modified":"2024-03-04T23:07:08","modified_gmt":"2024-03-04T23:07:08","slug":"umzugsreinigung-mit-abgabegarantie","status":"publish","type":"page","link":"https:\/\/nuhii-gmbh.ch\/?page_id=186","title":{"rendered":"Umzugsreinigung mit Abgabegarantie"},"content":{"rendered":"\t\t<div data-elementor-type=\"wp-page\" data-elementor-id=\"186\" class=\"elementor elementor-186\">\n\t\t\t\t\t\t<section class=\"elementor-section elementor-top-section elementor-element elementor-element-b3fdb64 elementor-section-content-top elementor-section-boxed elementor-section-height-default elementor-section-height-default\" data-id=\"b3fdb64\" data-element_type=\"section\">\n\t\t\t\t\t\t<div class=\"elementor-container elementor-column-gap-no\">\n\t\t\t\t\t<div class=\"aux-parallax-section elementor-column elementor-col-50 elementor-top-column elementor-element elementor-element-f483c62\" data-id=\"f483c62\" data-element_type=\"column\">\n\t\t\t<div class=\"elementor-widget-wrap elementor-element-populated\">\n\t\t\t\t\t\t<div class=\"elementor-element elementor-element-33d4065 aux-appear-watch-animation aux-mask-from-left elementor-widget elementor-widget-aux_image\" data-id=\"33d4065\" data-element_type=\"widget\" data-widget_type=\"aux_image.default\">\n\t\t\t\t<div class=\"elementor-widget-container\">\n\t\t\t<section class=\"widget-container aux-widget-image aux-alignnone aux-parent-au05808903\">\n    <div class=\"aux-media-hint-frame \">\n        <div class=\"aux-media-image \" >\n        \n            \n\n            \n            <img fetchpriority=\"high\" decoding=\"async\" width=\"2560\" height=\"1706\" src=\"image\/gif;base64,R0lGODlhAQABAIAAAAAAAP\/\/\/yH5BAEAAAAALAAAAAABAAEAAAIBRAA7\" class=\"aux-attachment aux-featured-image aux-attachment-id-206 aux-preload aux-blank\" alt=\"professional-cleaning-service-person-using-vacuum-cleaner-office\" data-ratio=\"1.5\" data-original-w=\"2560\" data-src=\"https:\/\/nuhii-gmbh.ch\/wp-content\/uploads\/2024\/03\/professional-cleaning-service-person-using-vacuum-cleaner-office-scaled.jpg\" \/>            \n                <\/div>\n    <\/div>\n\n<\/section><!-- widget-container -->\t\t<\/div>\n\t\t\t\t<\/div>\n\t\t\t\t\t<\/div>\n\t\t<\/div>\n\t\t\t\t<div class=\"aux-parallax-section elementor-column elementor-col-50 elementor-top-column elementor-element elementor-element-ae2b4dd\" data-id=\"ae2b4dd\" data-element_type=\"column\">\n\t\t\t<div class=\"elementor-widget-wrap elementor-element-populated\">\n\t\t\t\t\t\t<div class=\"elementor-element elementor-element-5eb6727 aux-appear-watch-animation aux-fade-in-right-1 elementor-widget elementor-widget-aux_modern_heading\" data-id=\"5eb6727\" data-element_type=\"widget\" data-widget_type=\"aux_modern_heading.default\">\n\t\t\t\t<div class=\"elementor-widget-container\">\n\t\t\t<section class=\"aux-widget-modern-heading\">\n            <div class=\"aux-widget-inner\"><h5 class=\"aux-modern-heading-primary\">Umzugsreinigung mit Abgabegarantie\n<\/h5><h3 class=\"aux-modern-heading-secondary\"><span class=\"aux-head-before\">Wir \u00fcbernehmen wir s\u00e4mtliche Reinigungsarbeiten. Bei der \u00dcbergabe sind wir pers\u00f6nlich anwesend und garantieren eine reibungslose Abgabe Ihrer Wohnung.<\/span><\/h3><div class=\"aux-modern-heading-description\"><p>Unsere Umzugsreinigungsdienste bieten Ihnen eine gr\u00fcndliche Reinigung Ihrer alten Wohnung oder Ihres Hauses, um sicherzustellen, dass Sie Ihre Mietkaution vollst\u00e4ndig zur\u00fcckerhalten. Mit unserer Abgabegarantie k\u00f6nnen Sie sich darauf verlassen, dass Ihre Immobilie nach unserem Reinigungsservice in einem einwandfreien Zustand ist und den Anforderungen Ihres Vermieters entspricht. Unser erfahrenes Team verwendet hochwertige Reinigungsmittel und modernste Ausr\u00fcstung, um jede Ecke und jeden Winkel Ihrer alten Wohnung gr\u00fcndlich zu reinigen. Wir bieten eine umfassende Reinigung von B\u00f6den, W\u00e4nden, K\u00fcchen, B\u00e4dern und allen anderen Bereichen, um sicherzustellen, dass Ihre Immobilie in bestem Zustand \u00fcbergeben wird. Verlassen Sie sich auf uns f\u00fcr eine stressfreie Umzugsreinigung und erhalten Sie Ihre Mietkaution zur\u00fcck<\/p><\/div><\/div>\n        <\/section>\t\t<\/div>\n\t\t\t\t<\/div>\n\t\t\t\t<div class=\"elementor-element elementor-element-ee739a1 aux-shpe-type-circle elementor-widget elementor-widget-aux_simple_shape\" data-id=\"ee739a1\" data-element_type=\"widget\" data-widget_type=\"aux_simple_shape.default\">\n\t\t\t\t<div class=\"elementor-widget-container\">\n\t\t\t    <div class=\"aux-widget-container aux-simple-shape-container\">\n        <div class=\"aux-widget-container-inner\">\n            <div class=\"aux-the-shape\"><\/div>\n        <\/div>\n    <\/div>\n    \t\t<\/div>\n\t\t\t\t<\/div>\n\t\t\t\t\t<\/div>\n\t\t<\/div>\n\t\t\t\t\t<\/div>\n\t\t<\/section>\n\t\t\t\t<\/div>\n\t\t","protected":false},"excerpt":{"rendered":"<p>Umzugsreinigung mit Abgabegarantie Wir \u00fcbernehmen wir s\u00e4mtliche Reinigungsarbeiten. Bei der \u00dcbergabe sind wir pers\u00f6nlich anwesend und garantieren eine reibungslose Abgabe Ihrer Wohnung. Unsere Umzugsreinigungsdienste bieten Ihnen eine gr\u00fcndliche Reinigung Ihrer alten Wohnung oder Ihres Hauses, um sicherzustellen, dass Sie Ihre Mietkaution vollst\u00e4ndig zur\u00fcckerhalten. Mit unserer Abgabegarantie k\u00f6nnen Sie sich darauf verlassen, dass Ihre Immobilie nach [&hellip;]<\/p>\n","protected":false},"author":1,"featured_media":0,"parent":0,"menu_order":0,"comment_status":"closed","ping_status":"closed","template":"templates\/page-builder-content.php","meta":{"footnotes":""},"class_list":["post-186","page","type-page","status-publish","hentry"],"_links":{"self":[{"href":"https:\/\/nuhii-gmbh.ch\/index.php?rest_route=\/wp\/v2\/pages\/186","targetHints":{"allow":["GET"]}}],"collection":[{"href":"https:\/\/nuhii-gmbh.ch\/index.php?rest_route=\/wp\/v2\/pages"}],"about":[{"href":"https:\/\/nuhii-gmbh.ch\/index.php?rest_route=\/wp\/v2\/types\/page"}],"author":[{"embeddable":true,"href":"https:\/\/nuhii-gmbh.ch\/index.php?rest_route=\/wp\/v2\/users\/1"}],"replies":[{"embeddable":true,"href":"https:\/\/nuhii-gmbh.ch\/index.php?rest_route=%2Fwp%2Fv2%2Fcomments&post=186"}],"version-history":[{"count":4,"href":"https:\/\/nuhii-gmbh.ch\/index.php?rest_route=\/wp\/v2\/pages\/186\/revisions"}],"predecessor-version":[{"id":213,"href":"https:\/\/nuhii-gmbh.ch\/index.php?rest_route=\/wp\/v2\/pages\/186\/revisions\/213"}],"wp:attachment":[{"href":"https:\/\/nuhii-gmbh.ch\/index.php?rest_route=%2Fwp%2Fv2%2Fmedia&parent=186"}],"curies":[{"name":"wp","href":"https:\/\/api.w.org\/{rel}","templated":true}]}}